
11, 67
List the prime factors of 809.
809
List the prime factors of 3356.
2, 839
List the prime factors of 92566.
2, 31, 1493
List the prime factors of 207.
3, 23
What are the prime factors of 122?
2, 61
What are the prime factors of 1785?
3, 5, 7, 17
What are the prime factors of 53248?
2, 13
What are the prime factors of 5472?
2, 3, 19
What are the prime factors of 277?
277
List the prime factors of 18057.
3, 13, 463
What are the prime factors of 10339?
7, 211
List the prime factors of 1410.
2, 3, 5, 47
List the prime factors of 30859.
30859
What are the prime factors of 52607?
31, 1697
What are the prime factors of 1645?
5, 7, 47
What are the prime factors of 4701?
3, 1567
List the prime factors of 45682.
2, 7, 13, 251
List the prime factors of 628.
2, 157
What are the prime factors of 18539?
18539
What are the prime factors of 520?
2, 5, 13
What are the prime factors of 10651?
10651
What are the prime factors of 2166?
2, 3, 19
What are the prime factors of 18402?
2, 3, 3067
What are the prime factors of 7234?
2, 3617
What are the prime factors of 327?
3, 109
What are the prime factors of 124099?
193, 643
List the prime factors of 6481.
6481
What are the prime factors of 15665?
5, 13, 241
What are the prime factors of 37059?
3, 11, 1123
List the prime factors of 20550.
2, 3, 5, 137
What are the prime factors of 9702?
2, 3, 7, 11
List the prime factors of 4752.
2, 3, 11
What are the prime factors of 26025?
3, 5, 347
What are the prime factors of 16001?
16001
What are the prime factors of 27272?
2, 7, 487
What are the prime factors of 1243?
11, 113
What are the prime factors of 690?
2, 3, 5, 23
What are the prime factors of 772?
2, 193
List the prime factors of 10221.
3, 3407
List the prime factors of 127.
127
What are the prime factors of 6336?
2, 3, 11
What are the prime factors of 5898?
2, 3, 983
List the prime factors of 1238.
2, 619
List the prime factors of 1381.
1381
What are the prime factors of 4910?
2, 5, 491
List the prime factors of 11980.
2, 5, 599
List the prime factors of 1667.
1667
What are the prime factors of 6517?
7, 19
List the prime factors of 3706.
2, 17, 109
List the prime factors of 1441.
11, 131
What are the prime factors of 8781?
3, 2927
What are the prime factors of 11339?
17, 23, 29
List the prime factors of 1811.
1811
What are the prime factors of 58025?
5, 11, 211
What are the prime factors of 1278?
2, 3, 71
What are the prime factors of 81146?
2, 13, 3121
What are the prime factors of 99619?
13, 79, 97
What are the prime factors of 2453?
11, 223
What are the prime factors of 2424?
2, 3, 101
List the prime factors of 11565.
3, 5, 257
What are the prime factors of 57297?
3, 71, 269
What are the prime factors of 4914?
2, 3, 7, 13
What are the prime factors of 14978?
2, 7489
What are the prime factors of 427?
7, 61
What are the prime factors of 1001?
7, 11, 13
List the prime factors of 39697.
7, 53, 107
List the prime factors of 2603.
19, 137
List the prime factors of 1786.
2, 19, 47
List the prime factors of 100486.
2, 47, 1069
What are the prime factors of 1858?
2, 929
What are the prime factors of 117?
3, 13
What are the prime factors of 1098?
2, 3, 61
List the prime factors of 3907.
3907
List the prime factors of 9587.
9587
What are the prime factors of 61739?
107, 577
List the prime factors of 348.
2, 3, 29
What are the prime factors of 100?
2, 5
List the prime factors of 2051.
7, 293
What are the prime factors of 14650?
2, 5, 293
List the prime factors of 11663.
107, 109
List the prime factors of 942.
2, 3, 157
List the prime factors of 2365.
5, 11, 43
List the prime factors of 760.
2, 5, 19
List the prime factors of 63508.
2, 15877
What are the prime factors of 12071?
12071
List the prime factors of 869.
11, 79
What are the prime factors of 12946?
2, 6473
What are the prime factors of 4012?
2, 17, 59
What are the prime factors of 2276?
2, 569
What are the prime factors of 5323?
5323
List the prime factors of 2779.
7, 397
What are the prime factors of 7959?
3, 7, 379
What are the prime factors of 848?
2, 53
List the prime factors of 10613.
10613
What are the prime factors of 63295?
5, 12659
What are the prime factors of 610?
2, 5, 61
List the prime factors of 166438.
2, 83219
List the prime factors of 5621.
7, 11, 73
What are the prime factors of 1827?
3, 7, 29
What are the prime factors of 1476?
2, 3, 41
List the prime factors of 21844.
2, 43, 127
What are the prime factors of 4099?
4099
List the prime factors of 7624.
2, 953
What are the prime factors of 22057?
7, 23, 137
What are the prime factors of 55660?
2, 5, 11, 23
List the prime factors of 33176.
2, 11, 13, 29
What are the prime factors of 73647?
3, 7, 167
What are the prime factors of 720?
2, 3, 5
What are the prime factors of 142070?
2, 5, 14207
What are the prime factors of 53?
53
What are the prime factors of 90278?
2, 45139
List the prime factors of 367.
367
List the prime factors of 1769.
29, 61
What are the prime factors of 8245?
5, 17, 97
List the prime factors of 1169.
7, 167
What are the prime factors of 74241?
3, 73, 113
List the prime factors of 1207.
17, 71
List the prime factors of 15870.
2, 3, 5, 23
List the prime factors of 107118.
2, 3, 11, 541
List the prime factors of 42920.
2, 5, 29, 37
List the prime factors of 925.
5, 37
List the prime factors of 69971.
11, 6361
List the prime factors of 27567.
3, 1021
List the prime factors of 48170.
2, 5, 4817
List the prime factors of 33477.
3, 11159
What are the prime factors of 94702?
2, 47351
List the prime factors of 146.
2, 73
What are the prime factors of 876?
2, 3, 73
What are the prime factors of 15457?
13, 29, 41
What are the prime factors of 11402?
2, 5701
What are the prime factors of 33140?
2, 5, 1657
What are the prime factors of 4383?
3, 487
List the prime factors of 1434.
2, 3, 239
List the prime factors of 12816.
2, 3, 89
List the prime factors of 44256.
2, 3, 461
What are the prime factors of 66360?
2, 3, 5, 7, 79
List the prime factors of 1255.
5, 251
What are the prime factors of 4845?
3, 5, 17, 19
List the prime factors of 1320.
2, 3, 5, 11
What are the prime factors of 18583?
18583
List the prime factors of 48358.
2, 24179
What are the prime factors of 425?
5, 17
List the prime factors of 1641.
3, 547
List the prime factors of 12620.
2, 5, 631
What are the prime factors of 44579?
44579
What are the prime factors of 792?
2, 3, 11
List the prime factors of 40851.
3, 17, 89
List the prime factors of 48298.
2, 19, 31, 41
List the prime factors of 1745.
5, 349
What are the prime factors of 51927?
3, 19, 911
What are the prime factors of 2920?
2, 5, 73
What are the prime factors of 911?
911
What are the prime factors of 134180?
2, 5, 6709
List the prime factors of 9592.
2, 11, 109
What are the prime factors of 488?
2, 61
List the prime factors of 1931.
1931
What are the prime factors of 4886?
2, 7, 349
List the prime factors of 9889.
11, 29, 31
List the prime factors of 75675.
3, 5, 1009
What are the prime factors of 363?
3, 11
What are the prime factors of 2250?
2, 3, 5
What are the prime factors of 85428?
2, 3, 7, 113
What are the prime factors of 64670?
2, 5, 29, 223
What are the prime factors of 1157?
13, 89
List the prime factors of 17774.
2, 8887
List the prime factors of 791.
7, 113
What are the prime factors of 1033?
1033
List the prime factors of 10194.
2, 3, 1699
List the prime factors of 2393.
2393
What are the prime factors of 3005?
5, 601
List the prime factors of 14137.
67, 211
List the prime factors of 586.
2, 293
List the prime factors of 9832.
2, 1229
What are the prime factors of 77765?
5, 103, 151
List the prime factors of 33721.
33721
List the prime factors of 4726.
2, 17, 139
What are the prime factors of 63977?
63977
List the prime factors of 21835.
5, 11, 397
What are the prime factors of 952?
2, 7, 17
What are the prime factors of 5859?
3, 7, 31
What are the prime factors of 1972?
2, 17, 29
What are the prime factors of 583?
11, 53
List the prime factors of 56197.
56197
What are the prime factors of 5387?
5387
List the prime factors of 4805.
5, 31
What are the prime factors of 5715?
3, 5, 127
List the prime factors of 2400.
2, 3, 5
List the prime factors of 11418.
2, 3, 11, 173
What are the prime factors of 915?
3, 5, 61
What are the prime factors o